{"id":14,"date":"2022-07-26T21:25:43","date_gmt":"2022-07-26T19:25:43","guid":{"rendered":"https:\/\/f-fe.pl\/?page_id=14"},"modified":"2022-07-26T23:07:21","modified_gmt":"2022-07-26T21:07:21","slug":"strona-glowna","status":"publish","type":"page","link":"https:\/\/f-fe.pl\/","title":{"rendered":"O Fundacji"},"content":{"rendered":"\n<figure class=\"wp-block-image\"><img decoding=\"async\" src=\"https:\/\/f-fe.pl\/wp-content\/uploads\/2022\/07\/obraz-2.png\" alt=\"Obrazek posiada pusty atrybut alt; plik o nazwie obraz-2.png\"\/><\/figure>\n\n\n\n<p>FUNDACJA FORUM EDUKACJI to niewielka i m\u0142oda organizacja pozarz\u0105dowa, kt\u00f3ra powo\u0142ana zosta\u0142a w odpowiedzi na potrzeby i problemy regionu. Swoje dzia\u0142ania ukierunkowuje przede wszystkim na popraw\u0119 dost\u0119pu do edukacji dla ca\u0142ego spo\u0142ecze\u0144stwa, rozw\u00f3j spo\u0142ecze\u0144stwa obywatelskiego oraz spo\u0142ecze\u0144stwa opartego na wiedzy, wsparcie rozwoju wsp\u00f3lnot i spo\u0142ecze\u0144stw lokalnych, wsparcie wszechstronnego rozwoju na terenach wiejskich, a tak\u017ce wspieranie rodzicielstwa i macierzy\u0144stwa. Ide\u0105 Fundacji Forum Edukacji od pocz\u0105tku jej powstania jest praca w nurcie kszta\u0142towania odpowiednich postaw spo\u0142ecznych, kompetencji osobistych, kompetencji rodzicielskich i wychowawczych, kszta\u0142towania takich cech charakteru jak odpowiedzialno\u015bci za siebie, za bliskich oraz za spo\u0142ecze\u0144stwo. Podstaw\u0105 dzia\u0142a\u0144 Fundacji jest prowadzenie dzia\u0142a\u0144 w ma\u0142ych spo\u0142eczno\u015bciach, rozwi\u0105zywanie lokalnych problem\u00f3w i tym samym kszta\u0142towanie \u015bwiadomo\u015bci tych spo\u0142ecze\u0144stw, kt\u00f3re b\u0119d\u0105 przenoszone na inne obszary i b\u0119d\u0105 przyczynia\u0107 si\u0119 do trwa\u0142ej zmiany spo\u0142ecznej regionu i kraju.<\/p>\n","protected":false},"excerpt":{"rendered":"<p>FUNDACJA FORUM EDUKACJI to niewielka i m\u0142oda organizacja pozarz\u0105dowa, kt\u00f3ra powo\u0142ana zosta\u0142a w odpowiedzi na potrzeby i problemy regionu. Swoje dzia\u0142ania ukierunkowuje przede wszystkim na popraw\u0119 dost\u0119pu do edukacji dla ca\u0142ego spo\u0142ecze\u0144stwa, rozw\u00f3j spo\u0142ecze\u0144stwa obywatelskiego oraz spo\u0142ecze\u0144stwa opartego na wiedzy, wsparcie rozwoju wsp\u00f3lnot i spo\u0142ecze\u0144stw lokalnych, wsparcie wszechstronnego rozwoju na terenach wiejskich, a tak\u017ce wspieranie &hellip; <\/p>\n<p class=\"link-more\"><a href=\"https:\/\/f-fe.pl\/\" class=\"more-link\">Continue reading<span class=\"screen-reader-text\"> &#8220;O Fundacji&#8221;<\/span><\/a><\/p>\n","protected":false},"author":2,"featured_media":0,"parent":0,"menu_order":0,"comment_status":"closed","ping_status":"closed","template":"","meta":{"footnotes":""},"class_list":["post-14","page","type-page","status-publish","hentry"],"yoast_head":"<!-- This site is optimized with the Yoast SEO plugin v25.0 - https:\/\/yoast.com\/wordpress\/plugins\/seo\/ -->\n<title>O Fundacji - Fundacja Forum Edukacji<\/title>\n<meta name=\"robots\" content=\"index, follow, max-snippet:-1, max-image-preview:large, max-video-preview:-1\" \/>\n<link rel=\"canonical\" href=\"https:\/\/f-fe.pl\/\" \/>\n<meta property=\"og:locale\" content=\"en_US\" \/>\n<meta property=\"og:type\" content=\"article\" \/>\n<meta property=\"og:title\" content=\"O Fundacji - Fundacja Forum Edukacji\" \/>\n<meta property=\"og:description\" content=\"FUNDACJA FORUM EDUKACJI to niewielka i m\u0142oda organizacja pozarz\u0105dowa, kt\u00f3ra powo\u0142ana zosta\u0142a w odpowiedzi na potrzeby i problemy regionu. Swoje dzia\u0142ania ukierunkowuje przede wszystkim na popraw\u0119 dost\u0119pu do edukacji dla ca\u0142ego spo\u0142ecze\u0144stwa, rozw\u00f3j spo\u0142ecze\u0144stwa obywatelskiego oraz spo\u0142ecze\u0144stwa opartego na wiedzy, wsparcie rozwoju wsp\u00f3lnot i spo\u0142ecze\u0144stw lokalnych, wsparcie wszechstronnego rozwoju na terenach wiejskich, a tak\u017ce wspieranie &hellip; Continue reading &quot;O Fundacji&quot;\" \/>\n<meta property=\"og:url\" content=\"https:\/\/f-fe.pl\/\" \/>\n<meta property=\"og:site_name\" content=\"Fundacja Forum Edukacji\" \/>\n<meta property=\"article:modified_time\" content=\"2022-07-26T21:07:21+00:00\" \/>\n<meta property=\"og:image\" content=\"https:\/\/f-fe.pl\/wp-content\/uploads\/2022\/07\/obraz-2.png\" \/>\n<meta name=\"twitter:card\" content=\"summary_large_image\" \/>\n<meta name=\"twitter:label1\" content=\"Est. reading time\" \/>\n\t<meta name=\"twitter:data1\" content=\"1 minute\" \/>\n<script type=\"application\/ld+json\" class=\"yoast-schema-graph\">{\"@context\":\"https:\/\/schema.org\",\"@graph\":[{\"@type\":\"WebPage\",\"@id\":\"https:\/\/f-fe.pl\/\",\"url\":\"https:\/\/f-fe.pl\/\",\"name\":\"O Fundacji - Fundacja Forum Edukacji\",\"isPartOf\":{\"@id\":\"https:\/\/f-fe.pl\/#website\"},\"primaryImageOfPage\":{\"@id\":\"https:\/\/f-fe.pl\/#primaryimage\"},\"image\":{\"@id\":\"https:\/\/f-fe.pl\/#primaryimage\"},\"thumbnailUrl\":\"https:\/\/f-fe.pl\/wp-content\/uploads\/2022\/07\/obraz-2.png\",\"datePublished\":\"2022-07-26T19:25:43+00:00\",\"dateModified\":\"2022-07-26T21:07:21+00:00\",\"breadcrumb\":{\"@id\":\"https:\/\/f-fe.pl\/#breadcrumb\"},\"inLanguage\":\"en-US\",\"potentialAction\":[{\"@type\":\"ReadAction\",\"target\":[\"https:\/\/f-fe.pl\/\"]}]},{\"@type\":\"ImageObject\",\"inLanguage\":\"en-US\",\"@id\":\"https:\/\/f-fe.pl\/#primaryimage\",\"url\":\"https:\/\/f-fe.pl\/wp-content\/uploads\/2022\/07\/obraz-2.png\",\"contentUrl\":\"https:\/\/f-fe.pl\/wp-content\/uploads\/2022\/07\/obraz-2.png\",\"width\":161,\"height\":66},{\"@type\":\"BreadcrumbList\",\"@id\":\"https:\/\/f-fe.pl\/#breadcrumb\",\"itemListElement\":[{\"@type\":\"ListItem\",\"position\":1,\"name\":\"Home\",\"item\":\"https:\/\/f-fe.pl\/\"},{\"@type\":\"ListItem\",\"position\":2,\"name\":\"O Fundacji\"}]},{\"@type\":\"WebSite\",\"@id\":\"https:\/\/f-fe.pl\/#website\",\"url\":\"https:\/\/f-fe.pl\/\",\"name\":\"Fundacja Forum Edukacji\",\"description\":\"Twoje obecne okoliczno\u015bci nie okreslaj\u0105, dok\u0105d mo\u017cesz p\u00f3j\u015b\u0107; po prostu okreslaj\u0105, gdzie zaczynasz -Nido Qubein\",\"potentialAction\":[{\"@type\":\"SearchAction\",\"target\":{\"@type\":\"EntryPoint\",\"urlTemplate\":\"https:\/\/f-fe.pl\/?s={search_term_string}\"},\"query-input\":{\"@type\":\"PropertyValueSpecification\",\"valueRequired\":true,\"valueName\":\"search_term_string\"}}],\"inLanguage\":\"en-US\"}]}<\/script>\n<!-- \/ Yoast SEO plugin. -->","yoast_head_json":{"title":"O Fundacji - Fundacja Forum Edukacji","robots":{"index":"index","follow":"follow","max-snippet":"max-snippet:-1","max-image-preview":"max-image-preview:large","max-video-preview":"max-video-preview:-1"},"canonical":"https:\/\/f-fe.pl\/","og_locale":"en_US","og_type":"article","og_title":"O Fundacji - Fundacja Forum Edukacji","og_description":"FUNDACJA FORUM EDUKACJI to niewielka i m\u0142oda organizacja pozarz\u0105dowa, kt\u00f3ra powo\u0142ana zosta\u0142a w odpowiedzi na potrzeby i problemy regionu. Swoje dzia\u0142ania ukierunkowuje przede wszystkim na popraw\u0119 dost\u0119pu do edukacji dla ca\u0142ego spo\u0142ecze\u0144stwa, rozw\u00f3j spo\u0142ecze\u0144stwa obywatelskiego oraz spo\u0142ecze\u0144stwa opartego na wiedzy, wsparcie rozwoju wsp\u00f3lnot i spo\u0142ecze\u0144stw lokalnych, wsparcie wszechstronnego rozwoju na terenach wiejskich, a tak\u017ce wspieranie &hellip; Continue reading \"O Fundacji\"","og_url":"https:\/\/f-fe.pl\/","og_site_name":"Fundacja Forum Edukacji","article_modified_time":"2022-07-26T21:07:21+00:00","og_image":[{"url":"https:\/\/f-fe.pl\/wp-content\/uploads\/2022\/07\/obraz-2.png","type":"","width":"","height":""}],"twitter_card":"summary_large_image","twitter_misc":{"Est. reading time":"1 minute"},"schema":{"@context":"https:\/\/schema.org","@graph":[{"@type":"WebPage","@id":"https:\/\/f-fe.pl\/","url":"https:\/\/f-fe.pl\/","name":"O Fundacji - Fundacja Forum Edukacji","isPartOf":{"@id":"https:\/\/f-fe.pl\/#website"},"primaryImageOfPage":{"@id":"https:\/\/f-fe.pl\/#primaryimage"},"image":{"@id":"https:\/\/f-fe.pl\/#primaryimage"},"thumbnailUrl":"https:\/\/f-fe.pl\/wp-content\/uploads\/2022\/07\/obraz-2.png","datePublished":"2022-07-26T19:25:43+00:00","dateModified":"2022-07-26T21:07:21+00:00","breadcrumb":{"@id":"https:\/\/f-fe.pl\/#breadcrumb"},"inLanguage":"en-US","potentialAction":[{"@type":"ReadAction","target":["https:\/\/f-fe.pl\/"]}]},{"@type":"ImageObject","inLanguage":"en-US","@id":"https:\/\/f-fe.pl\/#primaryimage","url":"https:\/\/f-fe.pl\/wp-content\/uploads\/2022\/07\/obraz-2.png","contentUrl":"https:\/\/f-fe.pl\/wp-content\/uploads\/2022\/07\/obraz-2.png","width":161,"height":66},{"@type":"BreadcrumbList","@id":"https:\/\/f-fe.pl\/#breadcrumb","itemListElement":[{"@type":"ListItem","position":1,"name":"Home","item":"https:\/\/f-fe.pl\/"},{"@type":"ListItem","position":2,"name":"O Fundacji"}]},{"@type":"WebSite","@id":"https:\/\/f-fe.pl\/#website","url":"https:\/\/f-fe.pl\/","name":"Fundacja Forum Edukacji","description":"Twoje obecne okoliczno\u015bci nie okreslaj\u0105, dok\u0105d mo\u017cesz p\u00f3j\u015b\u0107; po prostu okreslaj\u0105, gdzie zaczynasz -Nido Qubein","potentialAction":[{"@type":"SearchAction","target":{"@type":"EntryPoint","urlTemplate":"https:\/\/f-fe.pl\/?s={search_term_string}"},"query-input":{"@type":"PropertyValueSpecification","valueRequired":true,"valueName":"search_term_string"}}],"inLanguage":"en-US"}]}},"_links":{"self":[{"href":"https:\/\/f-fe.pl\/index.php?rest_route=\/wp\/v2\/pages\/14","targetHints":{"allow":["GET"]}}],"collection":[{"href":"https:\/\/f-fe.pl\/index.php?rest_route=\/wp\/v2\/pages"}],"about":[{"href":"https:\/\/f-fe.pl\/index.php?rest_route=\/wp\/v2\/types\/page"}],"author":[{"embeddable":true,"href":"https:\/\/f-fe.pl\/index.php?rest_route=\/wp\/v2\/users\/2"}],"replies":[{"embeddable":true,"href":"https:\/\/f-fe.pl\/index.php?rest_route=%2Fwp%2Fv2%2Fcomments&post=14"}],"version-history":[{"count":3,"href":"https:\/\/f-fe.pl\/index.php?rest_route=\/wp\/v2\/pages\/14\/revisions"}],"predecessor-version":[{"id":87,"href":"https:\/\/f-fe.pl\/index.php?rest_route=\/wp\/v2\/pages\/14\/revisions\/87"}],"wp:attachment":[{"href":"https:\/\/f-fe.pl\/index.php?rest_route=%2Fwp%2Fv2%2Fmedia&parent=14"}],"curies":[{"name":"wp","href":"https:\/\/api.w.org\/{rel}","templated":true}]}}

<figure class="wp-block-image"><img decoding="async" src="https://f-fe.pl/wp-content/uploads/2022/07/obraz-2.png" alt="Obrazek posiada pusty atrybut alt; plik o nazwie obraz-2.png"/></figure>



<p>FUNDACJA FORUM EDUKACJI to niewielka i młoda organizacja pozarządowa, która powołana została w odpowiedzi na potrzeby i problemy regionu. Swoje działania ukierunkowuje przede wszystkim na poprawę dostępu do edukacji dla całego społeczeństwa, rozwój społeczeństwa obywatelskiego oraz społeczeństwa opartego na wiedzy, wsparcie rozwoju wspólnot i społeczeństw lokalnych, wsparcie wszechstronnego rozwoju na terenach wiejskich, a także wspieranie rodzicielstwa i macierzyństwa. Ideą Fundacji Forum Edukacji od początku jej powstania jest praca w nurcie kształtowania odpowiednich postaw społecznych, kompetencji osobistych, kompetencji rodzicielskich i wychowawczych, kształtowania takich cech charakteru jak odpowiedzialności za siebie, za bliskich oraz za społeczeństwo. Podstawą działań Fundacji jest prowadzenie działań w małych społecznościach, rozwiązywanie lokalnych problemów i tym samym kształtowanie świadomości tych społeczeństw, które będą przenoszone na inne obszary i będą przyczyniać się do trwałej zmiany społecznej regionu i kraju.</p>

<p>FUNDACJA FORUM EDUKACJI to niewielka i młoda organizacja pozarządowa, która powołana została w odpowiedzi na potrzeby i problemy regionu. Swoje działania ukierunkowuje przede wszystkim na poprawę dostępu do edukacji dla całego społeczeństwa, rozwój społeczeństwa obywatelskiego oraz społeczeństwa opartego na wiedzy, wsparcie rozwoju wspólnot i społeczeństw lokalnych, wsparcie wszechstronnego rozwoju na terenach wiejskich, a także wspieranie &hellip; </p>
<p class="link-more"><a href="https://f-fe.pl/" class="more-link">Continue reading<span class="screen-reader-text"> &#8220;O Fundacji&#8221;</span></a></p>

<!-- This site is optimized with the Yoast SEO plugin v25.0 - https://yoast.com/wordpress/plugins/seo/ -->
<title>O Fundacji - Fundacja Forum Edukacji</title>
<meta name="robots" content="index, follow, max-snippet:-1, max-image-preview:large, max-video-preview:-1" />
<link rel="canonical" href="https://f-fe.pl/" />
<meta property="og:locale" content="en_US" />
<meta property="og:type" content="article" />
<meta property="og:title" content="O Fundacji - Fundacja Forum Edukacji" />
<meta property="og:description" content="FUNDACJA FORUM EDUKACJI to niewielka i młoda organizacja pozarządowa, która powołana została w odpowiedzi na potrzeby i problemy regionu. Swoje działania ukierunkowuje przede wszystkim na poprawę dostępu do edukacji dla całego społeczeństwa, rozwój społeczeństwa obywatelskiego oraz społeczeństwa opartego na wiedzy, wsparcie rozwoju wspólnot i społeczeństw lokalnych, wsparcie wszechstronnego rozwoju na terenach wiejskich, a także wspieranie &hellip; Continue reading &quot;O Fundacji&quot;" />
<meta property="og:url" content="https://f-fe.pl/" />
<meta property="og:site_name" content="Fundacja Forum Edukacji" />
<meta property="article:modified_time" content="2022-07-26T21:07:21+00:00" />
<meta property="og:image" content="https://f-fe.pl/wp-content/uploads/2022/07/obraz-2.png" />
<meta name="twitter:card" content="summary_large_image" />
<meta name="twitter:label1" content="Est. reading time" />
	<meta name="twitter:data1" content="1 minute" />
<script type="application/ld+json" class="yoast-schema-graph">{"@context":"https://schema.org","@graph":[{"@type":"WebPage","@id":"https://f-fe.pl/","url":"https://f-fe.pl/","name":"O Fundacji - Fundacja Forum Edukacji","isPartOf":{"@id":"https://f-fe.pl/#website"},"primaryImageOfPage":{"@id":"https://f-fe.pl/#primaryimage"},"image":{"@id":"https://f-fe.pl/#primaryimage"},"thumbnailUrl":"https://f-fe.pl/wp-content/uploads/2022/07/obraz-2.png","datePublished":"2022-07-26T19:25:43+00:00","dateModified":"2022-07-26T21:07:21+00:00","breadcrumb":{"@id":"https://f-fe.pl/#breadcrumb"},"inLanguage":"en-US","potentialAction":[{"@type":"ReadAction","target":["https://f-fe.pl/"]}]},{"@type":"ImageObject","inLanguage":"en-US","@id":"https://f-fe.pl/#primaryimage","url":"https://f-fe.pl/wp-content/uploads/2022/07/obraz-2.png","contentUrl":"https://f-fe.pl/wp-content/uploads/2022/07/obraz-2.png","width":161,"height":66},{"@type":"BreadcrumbList","@id":"https://f-fe.pl/#breadcrumb","itemListElement":[{"@type":"ListItem","position":1,"name":"Home","item":"https://f-fe.pl/"},{"@type":"ListItem","position":2,"name":"O Fundacji"}]},{"@type":"WebSite","@id":"https://f-fe.pl/#website","url":"https://f-fe.pl/","name":"Fundacja Forum Edukacji","description":"Twoje obecne okoliczności nie okreslają, dokąd możesz pójść; po prostu okreslają, gdzie zaczynasz -Nido Qubein","potentialAction":[{"@type":"SearchAction","target":{"@type":"EntryPoint","urlTemplate":"https://f-fe.pl/?s={search_term_string}"},"query-input":{"@type":"PropertyValueSpecification","valueRequired":true,"valueName":"search_term_string"}}],"inLanguage":"en-US"}]}</script>
<!-- / Yoast SEO plugin. -->

FUNDACJA FORUM EDUKACJI to niewielka i młoda organizacja pozarządowa, która powołana została w odpowiedzi na potrzeby i problemy regionu. Swoje działania ukierunkowuje przede wszystkim na poprawę dostępu do edukacji dla całego społeczeństwa, rozwój społeczeństwa obywatelskiego oraz społeczeństwa opartego na wiedzy, wsparcie rozwoju wspólnot i społeczeństw lokalnych, wsparcie wszechstronnego rozwoju na terenach wiejskich, a także wspieranie &hellip; Continue reading "O Fundacji"

Twoje obecne okoliczności nie okreslają, dokąd możesz pójść; po prostu okreslają, gdzie zaczynasz -Nido Qubein
