{"id":15,"date":"2022-07-26T21:25:43","date_gmt":"2022-07-26T19:25:43","guid":{"rendered":"https:\/\/f-fe.pl\/?page_id=15"},"modified":"2022-07-26T22:30:31","modified_gmt":"2022-07-26T20:30:31","slug":"informacje","status":"publish","type":"page","link":"https:\/\/f-fe.pl\/?page_id=15","title":{"rendered":"Zesp\u00f3\u0142"},"content":{"rendered":"\n<h3 class=\"wp-block-heading\">Sylwester Karnas<\/h3>\n\n\n\n<p>Fundator i prezes Fundacji; doradca zawodowy i specjalista psychologii kryzysu oraz interwencji kryzysowej a tak\u017ce coachingu w nurcie work-life balance. Wsp\u00f3\u0142pracowa\u0142 z O\u015brodkami Pomocy Spo\u0142ecznej, Powiatowymi Centrami Pomocy Rodzinie, Zak\u0142adami Karnymi, M\u0142odzie\u017cowymi O\u015brodkami Wychowawczymi i instytucjami pomocowymi, szlify zawodowe zdobywa\u0142 r\u00f3wnie\u017c w pracy dydaktycznej, by\u0142 nauczycielem w szkole podstawowej, gimnazjum i szkole \u015bredniej i policealnej. Stale uczestniczy w formach doskonalenia zawodowego niezb\u0119dnego do pracy pomocowej<\/p>\n\n\n\n<h2 class=\"wp-block-heading\">Kinga Wojtowicz<\/h2>\n\n\n\n<p>Wiceprezes Fundacji, wykszta\u0142cenie ekonomiczne. Z Fundacj\u0105 zwi\u0105zana od pocz\u0105tku jej istnienia; mimo, \u017ce jej praca zawodowa nie jest bezpo\u015brednio zwi\u0105zana z celami statutowymi Fundacji to jej do\u015bwiadczenie zawodowe znakomicie wpisuje si\u0119 w obszar zarz\u0105dzania Fundacj\u0105: administracja i finanse. Prywatnie szcz\u0119\u015bliwa \u017cona i matka dw\u00f3jki dzieci<\/p>\n\n\n\n<p>W zale\u017cno\u015bci od realizowanego przez Fundacj\u0119 zadania wsp\u00f3\u0142pracuj\u0105 z ni\u0105 osoby o wysokich kwalifikacjach i kompetencjach zawodowych posiadaj\u0105ce wieloletnie do\u015bwiadczenie w bliskim sobie obszarze zawodowym. Fundacja Forum Edukacji wsp\u00f3\u0142pracuje m.in. z<\/p>\n\n\n\n<ul class=\"wp-block-list\"><li>pedagogami,<\/li><li>socjoterapeut\u0105,<\/li><li>psychologiem,<\/li><li>informatykami,<\/li><li>czynnymi zawodowo nauczycielami.<\/li><\/ul>\n\n\n\n<h2 class=\"wp-block-heading\">Oferta konsultacyjno-edukacyjna Fundacji Forum Edukacji<\/h2>\n\n\n\n<ul class=\"wp-block-list\"><li>poradnictwo pedagogiczne<\/li><li>poradnictwo psychologiczne<\/li><li>poradnictwo zawodowe oraz wyb\u00f3r \u015bcie\u017cki edukacyjno-zawodowej<\/li><li>interwencje kryzysowe (m.in.: kryzys utraty i \u017ca\u0142oby, mobbing i wypalenie zawodowe)<\/li><li>treningi kompetencji spo\u0142ecznych<\/li><li>treningi kompetencji wychowawczych i rodzicielskich<\/li><li>warsztaty aktywizuj\u0105ce<\/li><li>szkolenia zawodowe o tematyce wskazanej przez Klienta<\/li><\/ul>\n\n\n\n<p>Oferta jest dedykowana zar\u00f3wno dla Klient\u00f3w indywidualnych jak i Klient\u00f3w instytucjonalnych<\/p>\n","protected":false},"excerpt":{"rendered":"<p>Sylwester Karnas Fundator i prezes Fundacji; doradca zawodowy i specjalista psychologii kryzysu oraz interwencji kryzysowej a tak\u017ce coachingu w nurcie work-life balance. Wsp\u00f3\u0142pracowa\u0142 z O\u015brodkami Pomocy Spo\u0142ecznej, Powiatowymi Centrami Pomocy Rodzinie, Zak\u0142adami Karnymi, M\u0142odzie\u017cowymi O\u015brodkami Wychowawczymi i instytucjami pomocowymi, szlify zawodowe zdobywa\u0142 r\u00f3wnie\u017c w pracy dydaktycznej, by\u0142 nauczycielem w szkole podstawowej, gimnazjum i szkole \u015bredniej &hellip; <\/p>\n<p class=\"link-more\"><a href=\"https:\/\/f-fe.pl\/?page_id=15\" class=\"more-link\">Continue reading<span class=\"screen-reader-text\"> &#8220;Zesp\u00f3\u0142&#8221;<\/span><\/a><\/p>\n","protected":false},"author":2,"featured_media":0,"parent":0,"menu_order":0,"comment_status":"closed","ping_status":"closed","template":"","meta":{"footnotes":""},"class_list":["post-15","page","type-page","status-publish","hentry"],"yoast_head":"<!-- This site is optimized with the Yoast SEO plugin v25.0 - https:\/\/yoast.com\/wordpress\/plugins\/seo\/ -->\n<title>Zesp\u00f3\u0142 - Fundacja Forum Edukacji<\/title>\n<meta name=\"robots\" content=\"index, follow, max-snippet:-1, max-image-preview:large, max-video-preview:-1\" \/>\n<link rel=\"canonical\" href=\"https:\/\/f-fe.pl\/?page_id=15\" \/>\n<meta property=\"og:locale\" content=\"en_US\" \/>\n<meta property=\"og:type\" content=\"article\" \/>\n<meta property=\"og:title\" content=\"Zesp\u00f3\u0142 - Fundacja Forum Edukacji\" \/>\n<meta property=\"og:description\" content=\"Sylwester Karnas Fundator i prezes Fundacji; doradca zawodowy i specjalista psychologii kryzysu oraz interwencji kryzysowej a tak\u017ce coachingu w nurcie work-life balance. Wsp\u00f3\u0142pracowa\u0142 z O\u015brodkami Pomocy Spo\u0142ecznej, Powiatowymi Centrami Pomocy Rodzinie, Zak\u0142adami Karnymi, M\u0142odzie\u017cowymi O\u015brodkami Wychowawczymi i instytucjami pomocowymi, szlify zawodowe zdobywa\u0142 r\u00f3wnie\u017c w pracy dydaktycznej, by\u0142 nauczycielem w szkole podstawowej, gimnazjum i szkole \u015bredniej &hellip; Continue reading &quot;Zesp\u00f3\u0142&quot;\" \/>\n<meta property=\"og:url\" content=\"https:\/\/f-fe.pl\/?page_id=15\" \/>\n<meta property=\"og:site_name\" content=\"Fundacja Forum Edukacji\" \/>\n<meta property=\"article:modified_time\" content=\"2022-07-26T20:30:31+00:00\" \/>\n<meta property=\"og:image\" content=\"https:\/\/f-fe.pl\/wp-content\/uploads\/2022\/07\/sandwich.jpg\" \/>\n\t<meta property=\"og:image:width\" content=\"2000\" \/>\n\t<meta property=\"og:image:height\" content=\"1200\" \/>\n\t<meta property=\"og:image:type\" content=\"image\/jpeg\" \/>\n<meta name=\"twitter:card\" content=\"summary_large_image\" \/>\n<meta name=\"twitter:label1\" content=\"Est. reading time\" \/>\n\t<meta name=\"twitter:data1\" content=\"2 minutes\" \/>\n<script type=\"application\/ld+json\" class=\"yoast-schema-graph\">{\"@context\":\"https:\/\/schema.org\",\"@graph\":[{\"@type\":\"WebPage\",\"@id\":\"https:\/\/f-fe.pl\/?page_id=15\",\"url\":\"https:\/\/f-fe.pl\/?page_id=15\",\"name\":\"Zesp\u00f3\u0142 - Fundacja Forum Edukacji\",\"isPartOf\":{\"@id\":\"https:\/\/f-fe.pl\/#website\"},\"datePublished\":\"2022-07-26T19:25:43+00:00\",\"dateModified\":\"2022-07-26T20:30:31+00:00\",\"breadcrumb\":{\"@id\":\"https:\/\/f-fe.pl\/?page_id=15#breadcrumb\"},\"inLanguage\":\"en-US\",\"potentialAction\":[{\"@type\":\"ReadAction\",\"target\":[\"https:\/\/f-fe.pl\/?page_id=15\"]}]},{\"@type\":\"BreadcrumbList\",\"@id\":\"https:\/\/f-fe.pl\/?page_id=15#breadcrumb\",\"itemListElement\":[{\"@type\":\"ListItem\",\"position\":1,\"name\":\"Home\",\"item\":\"https:\/\/f-fe.pl\/\"},{\"@type\":\"ListItem\",\"position\":2,\"name\":\"Zesp\u00f3\u0142\"}]},{\"@type\":\"WebSite\",\"@id\":\"https:\/\/f-fe.pl\/#website\",\"url\":\"https:\/\/f-fe.pl\/\",\"name\":\"Fundacja Forum Edukacji\",\"description\":\"Twoje obecne okoliczno\u015bci nie okreslaj\u0105, dok\u0105d mo\u017cesz p\u00f3j\u015b\u0107; po prostu okreslaj\u0105, gdzie zaczynasz -Nido Qubein\",\"potentialAction\":[{\"@type\":\"SearchAction\",\"target\":{\"@type\":\"EntryPoint\",\"urlTemplate\":\"https:\/\/f-fe.pl\/?s={search_term_string}\"},\"query-input\":{\"@type\":\"PropertyValueSpecification\",\"valueRequired\":true,\"valueName\":\"search_term_string\"}}],\"inLanguage\":\"en-US\"}]}<\/script>\n<!-- \/ Yoast SEO plugin. -->","yoast_head_json":{"title":"Zesp\u00f3\u0142 - Fundacja Forum Edukacji","robots":{"index":"index","follow":"follow","max-snippet":"max-snippet:-1","max-image-preview":"max-image-preview:large","max-video-preview":"max-video-preview:-1"},"canonical":"https:\/\/f-fe.pl\/?page_id=15","og_locale":"en_US","og_type":"article","og_title":"Zesp\u00f3\u0142 - Fundacja Forum Edukacji","og_description":"Sylwester Karnas Fundator i prezes Fundacji; doradca zawodowy i specjalista psychologii kryzysu oraz interwencji kryzysowej a tak\u017ce coachingu w nurcie work-life balance. Wsp\u00f3\u0142pracowa\u0142 z O\u015brodkami Pomocy Spo\u0142ecznej, Powiatowymi Centrami Pomocy Rodzinie, Zak\u0142adami Karnymi, M\u0142odzie\u017cowymi O\u015brodkami Wychowawczymi i instytucjami pomocowymi, szlify zawodowe zdobywa\u0142 r\u00f3wnie\u017c w pracy dydaktycznej, by\u0142 nauczycielem w szkole podstawowej, gimnazjum i szkole \u015bredniej &hellip; Continue reading \"Zesp\u00f3\u0142\"","og_url":"https:\/\/f-fe.pl\/?page_id=15","og_site_name":"Fundacja Forum Edukacji","article_modified_time":"2022-07-26T20:30:31+00:00","og_image":[{"width":2000,"height":1200,"url":"https:\/\/f-fe.pl\/wp-content\/uploads\/2022\/07\/sandwich.jpg","type":"image\/jpeg"}],"twitter_card":"summary_large_image","twitter_misc":{"Est. reading time":"2 minutes"},"schema":{"@context":"https:\/\/schema.org","@graph":[{"@type":"WebPage","@id":"https:\/\/f-fe.pl\/?page_id=15","url":"https:\/\/f-fe.pl\/?page_id=15","name":"Zesp\u00f3\u0142 - Fundacja Forum Edukacji","isPartOf":{"@id":"https:\/\/f-fe.pl\/#website"},"datePublished":"2022-07-26T19:25:43+00:00","dateModified":"2022-07-26T20:30:31+00:00","breadcrumb":{"@id":"https:\/\/f-fe.pl\/?page_id=15#breadcrumb"},"inLanguage":"en-US","potentialAction":[{"@type":"ReadAction","target":["https:\/\/f-fe.pl\/?page_id=15"]}]},{"@type":"BreadcrumbList","@id":"https:\/\/f-fe.pl\/?page_id=15#breadcrumb","itemListElement":[{"@type":"ListItem","position":1,"name":"Home","item":"https:\/\/f-fe.pl\/"},{"@type":"ListItem","position":2,"name":"Zesp\u00f3\u0142"}]},{"@type":"WebSite","@id":"https:\/\/f-fe.pl\/#website","url":"https:\/\/f-fe.pl\/","name":"Fundacja Forum Edukacji","description":"Twoje obecne okoliczno\u015bci nie okreslaj\u0105, dok\u0105d mo\u017cesz p\u00f3j\u015b\u0107; po prostu okreslaj\u0105, gdzie zaczynasz -Nido Qubein","potentialAction":[{"@type":"SearchAction","target":{"@type":"EntryPoint","urlTemplate":"https:\/\/f-fe.pl\/?s={search_term_string}"},"query-input":{"@type":"PropertyValueSpecification","valueRequired":true,"valueName":"search_term_string"}}],"inLanguage":"en-US"}]}},"_links":{"self":[{"href":"https:\/\/f-fe.pl\/index.php?rest_route=\/wp\/v2\/pages\/15","targetHints":{"allow":["GET"]}}],"collection":[{"href":"https:\/\/f-fe.pl\/index.php?rest_route=\/wp\/v2\/pages"}],"about":[{"href":"https:\/\/f-fe.pl\/index.php?rest_route=\/wp\/v2\/types\/page"}],"author":[{"embeddable":true,"href":"https:\/\/f-fe.pl\/index.php?rest_route=\/wp\/v2\/users\/2"}],"replies":[{"embeddable":true,"href":"https:\/\/f-fe.pl\/index.php?rest_route=%2Fwp%2Fv2%2Fcomments&post=15"}],"version-history":[{"count":3,"href":"https:\/\/f-fe.pl\/index.php?rest_route=\/wp\/v2\/pages\/15\/revisions"}],"predecessor-version":[{"id":54,"href":"https:\/\/f-fe.pl\/index.php?rest_route=\/wp\/v2\/pages\/15\/revisions\/54"}],"wp:attachment":[{"href":"https:\/\/f-fe.pl\/index.php?rest_route=%2Fwp%2Fv2%2Fmedia&parent=15"}],"curies":[{"name":"wp","href":"https:\/\/api.w.org\/{rel}","templated":true}]}}

Zespół

<h3 class="wp-block-heading">Sylwester Karnas</h3>



<p>Fundator i prezes Fundacji; doradca zawodowy i specjalista psychologii kryzysu oraz interwencji kryzysowej a także coachingu w nurcie work-life balance. Współpracował z Ośrodkami Pomocy Społecznej, Powiatowymi Centrami Pomocy Rodzinie, Zakładami Karnymi, Młodzieżowymi Ośrodkami Wychowawczymi i instytucjami pomocowymi, szlify zawodowe zdobywał również w pracy dydaktycznej, był nauczycielem w szkole podstawowej, gimnazjum i szkole średniej i policealnej. Stale uczestniczy w formach doskonalenia zawodowego niezbędnego do pracy pomocowej</p>



<h2 class="wp-block-heading">Kinga Wojtowicz</h2>



<p>Wiceprezes Fundacji, wykształcenie ekonomiczne. Z Fundacją związana od początku jej istnienia; mimo, że jej praca zawodowa nie jest bezpośrednio związana z celami statutowymi Fundacji to jej doświadczenie zawodowe znakomicie wpisuje się w obszar zarządzania Fundacją: administracja i finanse. Prywatnie szczęśliwa żona i matka dwójki dzieci</p>



<p>W zależności od realizowanego przez Fundację zadania współpracują z nią osoby o wysokich kwalifikacjach i kompetencjach zawodowych posiadające wieloletnie doświadczenie w bliskim sobie obszarze zawodowym. Fundacja Forum Edukacji współpracuje m.in. z</p>



<ul class="wp-block-list"><li>pedagogami,</li><li>socjoterapeutą,</li><li>psychologiem,</li><li>informatykami,</li><li>czynnymi zawodowo nauczycielami.</li></ul>



<h2 class="wp-block-heading">Oferta konsultacyjno-edukacyjna Fundacji Forum Edukacji</h2>



<ul class="wp-block-list"><li>poradnictwo pedagogiczne</li><li>poradnictwo psychologiczne</li><li>poradnictwo zawodowe oraz wybór ścieżki edukacyjno-zawodowej</li><li>interwencje kryzysowe (m.in.: kryzys utraty i żałoby, mobbing i wypalenie zawodowe)</li><li>treningi kompetencji społecznych</li><li>treningi kompetencji wychowawczych i rodzicielskich</li><li>warsztaty aktywizujące</li><li>szkolenia zawodowe o tematyce wskazanej przez Klienta</li></ul>



<p>Oferta jest dedykowana zarówno dla Klientów indywidualnych jak i Klientów instytucjonalnych</p>

<p>Sylwester Karnas Fundator i prezes Fundacji; doradca zawodowy i specjalista psychologii kryzysu oraz interwencji kryzysowej a także coachingu w nurcie work-life balance. Współpracował z Ośrodkami Pomocy Społecznej, Powiatowymi Centrami Pomocy Rodzinie, Zakładami Karnymi, Młodzieżowymi Ośrodkami Wychowawczymi i instytucjami pomocowymi, szlify zawodowe zdobywał również w pracy dydaktycznej, był nauczycielem w szkole podstawowej, gimnazjum i szkole średniej &hellip; </p>
<p class="link-more"><a href="https://f-fe.pl/?page_id=15" class="more-link">Continue reading<span class="screen-reader-text"> &#8220;Zespół&#8221;</span></a></p>

<!-- This site is optimized with the Yoast SEO plugin v25.0 - https://yoast.com/wordpress/plugins/seo/ -->
<title>Zespół - Fundacja Forum Edukacji</title>
<meta name="robots" content="index, follow, max-snippet:-1, max-image-preview:large, max-video-preview:-1" />
<link rel="canonical" href="https://f-fe.pl/?page_id=15" />
<meta property="og:locale" content="en_US" />
<meta property="og:type" content="article" />
<meta property="og:title" content="Zespół - Fundacja Forum Edukacji" />
<meta property="og:description" content="Sylwester Karnas Fundator i prezes Fundacji; doradca zawodowy i specjalista psychologii kryzysu oraz interwencji kryzysowej a także coachingu w nurcie work-life balance. Współpracował z Ośrodkami Pomocy Społecznej, Powiatowymi Centrami Pomocy Rodzinie, Zakładami Karnymi, Młodzieżowymi Ośrodkami Wychowawczymi i instytucjami pomocowymi, szlify zawodowe zdobywał również w pracy dydaktycznej, był nauczycielem w szkole podstawowej, gimnazjum i szkole średniej &hellip; Continue reading &quot;Zespół&quot;" />
<meta property="og:url" content="https://f-fe.pl/?page_id=15" />
<meta property="og:site_name" content="Fundacja Forum Edukacji" />
<meta property="article:modified_time" content="2022-07-26T20:30:31+00:00" />
<meta property="og:image" content="https://f-fe.pl/wp-content/uploads/2022/07/sandwich.jpg" />
	<meta property="og:image:width" content="2000" />
	<meta property="og:image:height" content="1200" />
	<meta property="og:image:type" content="image/jpeg" />
<meta name="twitter:card" content="summary_large_image" />
<meta name="twitter:label1" content="Est. reading time" />
	<meta name="twitter:data1" content="2 minutes" />
<script type="application/ld+json" class="yoast-schema-graph">{"@context":"https://schema.org","@graph":[{"@type":"WebPage","@id":"https://f-fe.pl/?page_id=15","url":"https://f-fe.pl/?page_id=15","name":"Zespół - Fundacja Forum Edukacji","isPartOf":{"@id":"https://f-fe.pl/#website"},"datePublished":"2022-07-26T19:25:43+00:00","dateModified":"2022-07-26T20:30:31+00:00","breadcrumb":{"@id":"https://f-fe.pl/?page_id=15#breadcrumb"},"inLanguage":"en-US","potentialAction":[{"@type":"ReadAction","target":["https://f-fe.pl/?page_id=15"]}]},{"@type":"BreadcrumbList","@id":"https://f-fe.pl/?page_id=15#breadcrumb","itemListElement":[{"@type":"ListItem","position":1,"name":"Home","item":"https://f-fe.pl/"},{"@type":"ListItem","position":2,"name":"Zespół"}]},{"@type":"WebSite","@id":"https://f-fe.pl/#website","url":"https://f-fe.pl/","name":"Fundacja Forum Edukacji","description":"Twoje obecne okoliczności nie okreslają, dokąd możesz pójść; po prostu okreslają, gdzie zaczynasz -Nido Qubein","potentialAction":[{"@type":"SearchAction","target":{"@type":"EntryPoint","urlTemplate":"https://f-fe.pl/?s={search_term_string}"},"query-input":{"@type":"PropertyValueSpecification","valueRequired":true,"valueName":"search_term_string"}}],"inLanguage":"en-US"}]}</script>
<!-- / Yoast SEO plugin. -->

Zespół - Fundacja Forum Edukacji

Sylwester Karnas Fundator i prezes Fundacji; doradca zawodowy i specjalista psychologii kryzysu oraz interwencji kryzysowej a także coachingu w nurcie work-life balance. Współpracował z Ośrodkami Pomocy Społecznej, Powiatowymi Centrami Pomocy Rodzinie, Zakładami Karnymi, Młodzieżowymi Ośrodkami Wychowawczymi i instytucjami pomocowymi, szlify zawodowe zdobywał również w pracy dydaktycznej, był nauczycielem w szkole podstawowej, gimnazjum i szkole średniej &hellip; Continue reading "Zespół"

Twoje obecne okoliczności nie okreslają, dokąd możesz pójść; po prostu okreslają, gdzie zaczynasz -Nido Qubein
