{"id":3,"date":"2022-07-18T19:08:19","date_gmt":"2022-07-18T17:08:19","guid":{"rendered":"http:\/\/f-fe.pl\/?page_id=3"},"modified":"2022-07-26T22:49:54","modified_gmt":"2022-07-26T20:49:54","slug":"polityka-prywatnosci","status":"publish","type":"page","link":"https:\/\/f-fe.pl\/?page_id=3","title":{"rendered":"Polityka prywatno\u015bci"},"content":{"rendered":"\n<p>Zgodnie z art. 13 ust. 1 i ust. 2 rozporz\u0105dzenia Parlamentu Europejskiego i Rady (UE) 2016\/679 z dnia 27 kwietnia 2016 r. (og\u00f3lnego rozporz\u0105dzenia o ochronie danych osobowych). informuj\u0119, i\u017c:<\/p>\n\n\n\n<ol class=\"wp-block-list\"><li>administratorem Pana\/Pani danych osobowych jest Fundacja Forum Edukacji, ul. Nowa 14, 05-306 Jakub\u00f3w;<\/li><li>kontakt z Inspektorem Ochrony Danych fundacjaforumedukacji@gmail.com;<\/li><li>dane osobowe przetwarzane b\u0119d\u0105 w celu realizacji umowy &#8211; na podstawie Art. 6 ust. 1 lit. b og\u00f3lnego rozporz\u0105dzenia o ochronie danych osobowych z dnia 27 kwietnia 2016 r.;<\/li><li>odbiorcami Pani\/Pana danych osobowych b\u0119d\u0105 wy\u0142\u0105cznie podmioty uprawnione do uzyskania danych osobowych;<\/li><li>dane osobowe nie b\u0119d\u0105 przekazywane do pa\u0144stwa trzeciego ani organizacji mi\u0119dzynarodowej;<\/li><li>Pani\/Pana dane osobowe przechowywane b\u0119d\u0105 przez okres 6 lat;<\/li><li>posiada Pani\/Pan prawo dost\u0119pu do tre\u015bci danych oraz prawo ich sprostowania, usuni\u0119cia, ograniczenia przetwarzania, prawo do przenoszenia danych, prawo wniesienia sprzeciwu; prawo do cofni\u0119cia zgody w dowolnym momencie bez wp\u0142ywu na zgodno\u015b\u0107 z prawem przetwarzania (*je\u017celi przetwarzanie odbywa si\u0119 na podstawie zgody), kt\u00f3rego dokonano na podstawie zgody przed jej cofni\u0119ciem;<\/li><li>ma Pan\/Pani prawo wniesienia skargi do organu nadzorczego gdy uzna Panu\/Pani, i\u017c przetwarzanie danych osobowych narusza przepisy og\u00f3lnego rozporz\u0105dzenia o ochronie danych osobowych z dnia 27 kwietnia 2016 r.;<\/li><li>podanie danych osobowych jest dobrowolne, jednak\u017ce odmowa podania danych mo\u017ce skutkowa\u0107 odmow\u0105 zawarcia umowy.<\/li><\/ol>\n\n\n\n<div class=\"wp-block-file\"><a id=\"wp-block-file--media-515607c2-2e16-441a-86f7-4c4f28f75718\" href=\"https:\/\/f-fe.pl\/wp-content\/uploads\/2022\/07\/Zakres-dzialalnosci-Fundacja-Forum-Edukacji.docx\">Zakres dzia\u0142alno\u015bci Fundacja Forum Edukacji<\/a><a href=\"https:\/\/f-fe.pl\/wp-content\/uploads\/2022\/07\/Zakres-dzialalnosci-Fundacja-Forum-Edukacji.docx\" class=\"wp-block-file__button\" download aria-describedby=\"wp-block-file--media-515607c2-2e16-441a-86f7-4c4f28f75718\">Pobierz<\/a><\/div>\n\n\n\n<div class=\"wp-block-file\"><a id=\"wp-block-file--media-91915fe3-d3b1-4b28-8bf0-0fe3ec470e9c\" href=\"https:\/\/f-fe.pl\/wp-content\/uploads\/2022\/07\/Deklaracja-dostepnosci-Forum-Edukacji.docx\">Deklaracja dost\u0119pno\u015bci Forum Edukacji<\/a><a href=\"https:\/\/f-fe.pl\/wp-content\/uploads\/2022\/07\/Deklaracja-dostepnosci-Forum-Edukacji.docx\" class=\"wp-block-file__button\" download aria-describedby=\"wp-block-file--media-91915fe3-d3b1-4b28-8bf0-0fe3ec470e9c\">Pobierz<\/a><\/div>\n","protected":false},"excerpt":{"rendered":"<p>Zgodnie z art. 13 ust. 1 i ust. 2 rozporz\u0105dzenia Parlamentu Europejskiego i Rady (UE) 2016\/679 z dnia 27 kwietnia 2016 r. (og\u00f3lnego rozporz\u0105dzenia o ochronie danych osobowych). informuj\u0119, i\u017c: administratorem Pana\/Pani danych osobowych jest Fundacja Forum Edukacji, ul. Nowa 14, 05-306 Jakub\u00f3w; kontakt z Inspektorem Ochrony Danych fundacjaforumedukacji@gmail.com; dane osobowe przetwarzane b\u0119d\u0105 w celu &hellip; <\/p>\n<p class=\"link-more\"><a href=\"https:\/\/f-fe.pl\/?page_id=3\" class=\"more-link\">Continue reading<span class=\"screen-reader-text\"> &#8220;Polityka prywatno\u015bci&#8221;<\/span><\/a><\/p>\n","protected":false},"author":2,"featured_media":0,"parent":0,"menu_order":0,"comment_status":"closed","ping_status":"open","template":"","meta":{"footnotes":""},"class_list":["post-3","page","type-page","status-publish","hentry"],"yoast_head":"<!-- This site is optimized with the Yoast SEO plugin v25.0 - https:\/\/yoast.com\/wordpress\/plugins\/seo\/ -->\n<title>Polityka prywatno\u015bci - Fundacja Forum Edukacji<\/title>\n<meta name=\"robots\" content=\"index, follow, max-snippet:-1, max-image-preview:large, max-video-preview:-1\" \/>\n<link rel=\"canonical\" href=\"https:\/\/f-fe.pl\/?page_id=3\" \/>\n<meta property=\"og:locale\" content=\"en_US\" \/>\n<meta property=\"og:type\" content=\"article\" \/>\n<meta property=\"og:title\" content=\"Polityka prywatno\u015bci - Fundacja Forum Edukacji\" \/>\n<meta property=\"og:description\" content=\"Zgodnie z art. 13 ust. 1 i ust. 2 rozporz\u0105dzenia Parlamentu Europejskiego i Rady (UE) 2016\/679 z dnia 27 kwietnia 2016 r. (og\u00f3lnego rozporz\u0105dzenia o ochronie danych osobowych). informuj\u0119, i\u017c: administratorem Pana\/Pani danych osobowych jest Fundacja Forum Edukacji, ul. Nowa 14, 05-306 Jakub\u00f3w; kontakt z Inspektorem Ochrony Danych fundacjaforumedukacji@gmail.com; dane osobowe przetwarzane b\u0119d\u0105 w celu &hellip; Continue reading &quot;Polityka prywatno\u015bci&quot;\" \/>\n<meta property=\"og:url\" content=\"https:\/\/f-fe.pl\/?page_id=3\" \/>\n<meta property=\"og:site_name\" content=\"Fundacja Forum Edukacji\" \/>\n<meta property=\"article:modified_time\" content=\"2022-07-26T20:49:54+00:00\" \/>\n<meta name=\"twitter:card\" content=\"summary_large_image\" \/>\n<meta name=\"twitter:label1\" content=\"Est. reading time\" \/>\n\t<meta name=\"twitter:data1\" content=\"2 minutes\" \/>\n<script type=\"application\/ld+json\" class=\"yoast-schema-graph\">{\"@context\":\"https:\/\/schema.org\",\"@graph\":[{\"@type\":\"WebPage\",\"@id\":\"https:\/\/f-fe.pl\/?page_id=3\",\"url\":\"https:\/\/f-fe.pl\/?page_id=3\",\"name\":\"Polityka prywatno\u015bci - Fundacja Forum Edukacji\",\"isPartOf\":{\"@id\":\"https:\/\/f-fe.pl\/#website\"},\"datePublished\":\"2022-07-18T17:08:19+00:00\",\"dateModified\":\"2022-07-26T20:49:54+00:00\",\"breadcrumb\":{\"@id\":\"https:\/\/f-fe.pl\/?page_id=3#breadcrumb\"},\"inLanguage\":\"en-US\",\"potentialAction\":[{\"@type\":\"ReadAction\",\"target\":[\"https:\/\/f-fe.pl\/?page_id=3\"]}]},{\"@type\":\"BreadcrumbList\",\"@id\":\"https:\/\/f-fe.pl\/?page_id=3#breadcrumb\",\"itemListElement\":[{\"@type\":\"ListItem\",\"position\":1,\"name\":\"Home\",\"item\":\"https:\/\/f-fe.pl\/\"},{\"@type\":\"ListItem\",\"position\":2,\"name\":\"Polityka prywatno\u015bci\"}]},{\"@type\":\"WebSite\",\"@id\":\"https:\/\/f-fe.pl\/#website\",\"url\":\"https:\/\/f-fe.pl\/\",\"name\":\"Fundacja Forum Edukacji\",\"description\":\"Twoje obecne okoliczno\u015bci nie okreslaj\u0105, dok\u0105d mo\u017cesz p\u00f3j\u015b\u0107; po prostu okreslaj\u0105, gdzie zaczynasz -Nido Qubein\",\"potentialAction\":[{\"@type\":\"SearchAction\",\"target\":{\"@type\":\"EntryPoint\",\"urlTemplate\":\"https:\/\/f-fe.pl\/?s={search_term_string}\"},\"query-input\":{\"@type\":\"PropertyValueSpecification\",\"valueRequired\":true,\"valueName\":\"search_term_string\"}}],\"inLanguage\":\"en-US\"}]}<\/script>\n<!-- \/ Yoast SEO plugin. -->","yoast_head_json":{"title":"Polityka prywatno\u015bci - Fundacja Forum Edukacji","robots":{"index":"index","follow":"follow","max-snippet":"max-snippet:-1","max-image-preview":"max-image-preview:large","max-video-preview":"max-video-preview:-1"},"canonical":"https:\/\/f-fe.pl\/?page_id=3","og_locale":"en_US","og_type":"article","og_title":"Polityka prywatno\u015bci - Fundacja Forum Edukacji","og_description":"Zgodnie z art. 13 ust. 1 i ust. 2 rozporz\u0105dzenia Parlamentu Europejskiego i Rady (UE) 2016\/679 z dnia 27 kwietnia 2016 r. (og\u00f3lnego rozporz\u0105dzenia o ochronie danych osobowych). informuj\u0119, i\u017c: administratorem Pana\/Pani danych osobowych jest Fundacja Forum Edukacji, ul. Nowa 14, 05-306 Jakub\u00f3w; kontakt z Inspektorem Ochrony Danych fundacjaforumedukacji@gmail.com; dane osobowe przetwarzane b\u0119d\u0105 w celu &hellip; Continue reading \"Polityka prywatno\u015bci\"","og_url":"https:\/\/f-fe.pl\/?page_id=3","og_site_name":"Fundacja Forum Edukacji","article_modified_time":"2022-07-26T20:49:54+00:00","twitter_card":"summary_large_image","twitter_misc":{"Est. reading time":"2 minutes"},"schema":{"@context":"https:\/\/schema.org","@graph":[{"@type":"WebPage","@id":"https:\/\/f-fe.pl\/?page_id=3","url":"https:\/\/f-fe.pl\/?page_id=3","name":"Polityka prywatno\u015bci - Fundacja Forum Edukacji","isPartOf":{"@id":"https:\/\/f-fe.pl\/#website"},"datePublished":"2022-07-18T17:08:19+00:00","dateModified":"2022-07-26T20:49:54+00:00","breadcrumb":{"@id":"https:\/\/f-fe.pl\/?page_id=3#breadcrumb"},"inLanguage":"en-US","potentialAction":[{"@type":"ReadAction","target":["https:\/\/f-fe.pl\/?page_id=3"]}]},{"@type":"BreadcrumbList","@id":"https:\/\/f-fe.pl\/?page_id=3#breadcrumb","itemListElement":[{"@type":"ListItem","position":1,"name":"Home","item":"https:\/\/f-fe.pl\/"},{"@type":"ListItem","position":2,"name":"Polityka prywatno\u015bci"}]},{"@type":"WebSite","@id":"https:\/\/f-fe.pl\/#website","url":"https:\/\/f-fe.pl\/","name":"Fundacja Forum Edukacji","description":"Twoje obecne okoliczno\u015bci nie okreslaj\u0105, dok\u0105d mo\u017cesz p\u00f3j\u015b\u0107; po prostu okreslaj\u0105, gdzie zaczynasz -Nido Qubein","potentialAction":[{"@type":"SearchAction","target":{"@type":"EntryPoint","urlTemplate":"https:\/\/f-fe.pl\/?s={search_term_string}"},"query-input":{"@type":"PropertyValueSpecification","valueRequired":true,"valueName":"search_term_string"}}],"inLanguage":"en-US"}]}},"_links":{"self":[{"href":"https:\/\/f-fe.pl\/index.php?rest_route=\/wp\/v2\/pages\/3","targetHints":{"allow":["GET"]}}],"collection":[{"href":"https:\/\/f-fe.pl\/index.php?rest_route=\/wp\/v2\/pages"}],"about":[{"href":"https:\/\/f-fe.pl\/index.php?rest_route=\/wp\/v2\/types\/page"}],"author":[{"embeddable":true,"href":"https:\/\/f-fe.pl\/index.php?rest_route=\/wp\/v2\/users\/2"}],"replies":[{"embeddable":true,"href":"https:\/\/f-fe.pl\/index.php?rest_route=%2Fwp%2Fv2%2Fcomments&post=3"}],"version-history":[{"count":2,"href":"https:\/\/f-fe.pl\/index.php?rest_route=\/wp\/v2\/pages\/3\/revisions"}],"predecessor-version":[{"id":65,"href":"https:\/\/f-fe.pl\/index.php?rest_route=\/wp\/v2\/pages\/3\/revisions\/65"}],"wp:attachment":[{"href":"https:\/\/f-fe.pl\/index.php?rest_route=%2Fwp%2Fv2%2Fmedia&parent=3"}],"curies":[{"name":"wp","href":"https:\/\/api.w.org\/{rel}","templated":true}]}}

Polityka prywatności

<p>Zgodnie z art. 13 ust. 1 i ust. 2 rozporządzenia Parlamentu Europejskiego i Rady (UE) 2016/679 z dnia 27 kwietnia 2016 r. (ogólnego rozporządzenia o ochronie danych osobowych). informuję, iż:</p>



<ol class="wp-block-list"><li>administratorem Pana/Pani danych osobowych jest Fundacja Forum Edukacji, ul. Nowa 14, 05-306 Jakubów;</li><li>kontakt z Inspektorem Ochrony Danych fundacjaforumedukacji@gmail.com;</li><li>dane osobowe przetwarzane będą w celu realizacji umowy &#8211; na podstawie Art. 6 ust. 1 lit. b ogólnego rozporządzenia o ochronie danych osobowych z dnia 27 kwietnia 2016 r.;</li><li>odbiorcami Pani/Pana danych osobowych będą wyłącznie podmioty uprawnione do uzyskania danych osobowych;</li><li>dane osobowe nie będą przekazywane do państwa trzeciego ani organizacji międzynarodowej;</li><li>Pani/Pana dane osobowe przechowywane będą przez okres 6 lat;</li><li>posiada Pani/Pan prawo dostępu do treści danych oraz prawo ich sprostowania, usunięcia, ograniczenia przetwarzania, prawo do przenoszenia danych, prawo wniesienia sprzeciwu; prawo do cofnięcia zgody w dowolnym momencie bez wpływu na zgodność z prawem przetwarzania (*jeżeli przetwarzanie odbywa się na podstawie zgody), którego dokonano na podstawie zgody przed jej cofnięciem;</li><li>ma Pan/Pani prawo wniesienia skargi do organu nadzorczego gdy uzna Panu/Pani, iż przetwarzanie danych osobowych narusza przepisy ogólnego rozporządzenia o ochronie danych osobowych z dnia 27 kwietnia 2016 r.;</li><li>podanie danych osobowych jest dobrowolne, jednakże odmowa podania danych może skutkować odmową zawarcia umowy.</li></ol>



<div class="wp-block-file"><a id="wp-block-file--media-515607c2-2e16-441a-86f7-4c4f28f75718" href="https://f-fe.pl/wp-content/uploads/2022/07/Zakres-dzialalnosci-Fundacja-Forum-Edukacji.docx">Zakres działalności Fundacja Forum Edukacji</a><a href="https://f-fe.pl/wp-content/uploads/2022/07/Zakres-dzialalnosci-Fundacja-Forum-Edukacji.docx" class="wp-block-file__button" download aria-describedby="wp-block-file--media-515607c2-2e16-441a-86f7-4c4f28f75718">Pobierz</a></div>



<div class="wp-block-file"><a id="wp-block-file--media-91915fe3-d3b1-4b28-8bf0-0fe3ec470e9c" href="https://f-fe.pl/wp-content/uploads/2022/07/Deklaracja-dostepnosci-Forum-Edukacji.docx">Deklaracja dostępności Forum Edukacji</a><a href="https://f-fe.pl/wp-content/uploads/2022/07/Deklaracja-dostepnosci-Forum-Edukacji.docx" class="wp-block-file__button" download aria-describedby="wp-block-file--media-91915fe3-d3b1-4b28-8bf0-0fe3ec470e9c">Pobierz</a></div>

<p>Zgodnie z art. 13 ust. 1 i ust. 2 rozporządzenia Parlamentu Europejskiego i Rady (UE) 2016/679 z dnia 27 kwietnia 2016 r. (ogólnego rozporządzenia o ochronie danych osobowych). informuję, iż: administratorem Pana/Pani danych osobowych jest Fundacja Forum Edukacji, ul. Nowa 14, 05-306 Jakubów; kontakt z Inspektorem Ochrony Danych fundacjaforumedukacji@gmail.com; dane osobowe przetwarzane będą w celu &hellip; </p>
<p class="link-more"><a href="https://f-fe.pl/?page_id=3" class="more-link">Continue reading<span class="screen-reader-text"> &#8220;Polityka prywatności&#8221;</span></a></p>

<!-- This site is optimized with the Yoast SEO plugin v25.0 - https://yoast.com/wordpress/plugins/seo/ -->
<title>Polityka prywatności - Fundacja Forum Edukacji</title>
<meta name="robots" content="index, follow, max-snippet:-1, max-image-preview:large, max-video-preview:-1" />
<link rel="canonical" href="https://f-fe.pl/?page_id=3" />
<meta property="og:locale" content="en_US" />
<meta property="og:type" content="article" />
<meta property="og:title" content="Polityka prywatności - Fundacja Forum Edukacji" />
<meta property="og:description" content="Zgodnie z art. 13 ust. 1 i ust. 2 rozporządzenia Parlamentu Europejskiego i Rady (UE) 2016/679 z dnia 27 kwietnia 2016 r. (ogólnego rozporządzenia o ochronie danych osobowych). informuję, iż: administratorem Pana/Pani danych osobowych jest Fundacja Forum Edukacji, ul. Nowa 14, 05-306 Jakubów; kontakt z Inspektorem Ochrony Danych fundacjaforumedukacji@gmail.com; dane osobowe przetwarzane będą w celu &hellip; Continue reading &quot;Polityka prywatności&quot;" />
<meta property="og:url" content="https://f-fe.pl/?page_id=3" />
<meta property="og:site_name" content="Fundacja Forum Edukacji" />
<meta property="article:modified_time" content="2022-07-26T20:49:54+00:00" />
<meta name="twitter:card" content="summary_large_image" />
<meta name="twitter:label1" content="Est. reading time" />
	<meta name="twitter:data1" content="2 minutes" />
<script type="application/ld+json" class="yoast-schema-graph">{"@context":"https://schema.org","@graph":[{"@type":"WebPage","@id":"https://f-fe.pl/?page_id=3","url":"https://f-fe.pl/?page_id=3","name":"Polityka prywatności - Fundacja Forum Edukacji","isPartOf":{"@id":"https://f-fe.pl/#website"},"datePublished":"2022-07-18T17:08:19+00:00","dateModified":"2022-07-26T20:49:54+00:00","breadcrumb":{"@id":"https://f-fe.pl/?page_id=3#breadcrumb"},"inLanguage":"en-US","potentialAction":[{"@type":"ReadAction","target":["https://f-fe.pl/?page_id=3"]}]},{"@type":"BreadcrumbList","@id":"https://f-fe.pl/?page_id=3#breadcrumb","itemListElement":[{"@type":"ListItem","position":1,"name":"Home","item":"https://f-fe.pl/"},{"@type":"ListItem","position":2,"name":"Polityka prywatności"}]},{"@type":"WebSite","@id":"https://f-fe.pl/#website","url":"https://f-fe.pl/","name":"Fundacja Forum Edukacji","description":"Twoje obecne okoliczności nie okreslają, dokąd możesz pójść; po prostu okreslają, gdzie zaczynasz -Nido Qubein","potentialAction":[{"@type":"SearchAction","target":{"@type":"EntryPoint","urlTemplate":"https://f-fe.pl/?s={search_term_string}"},"query-input":{"@type":"PropertyValueSpecification","valueRequired":true,"valueName":"search_term_string"}}],"inLanguage":"en-US"}]}</script>
<!-- / Yoast SEO plugin. -->

Polityka prywatności - Fundacja Forum Edukacji

Zgodnie z art. 13 ust. 1 i ust. 2 rozporządzenia Parlamentu Europejskiego i Rady (UE) 2016/679 z dnia 27 kwietnia 2016 r. (ogólnego rozporządzenia o ochronie danych osobowych). informuję, iż: administratorem Pana/Pani danych osobowych jest Fundacja Forum Edukacji, ul. Nowa 14, 05-306 Jakubów; kontakt z Inspektorem Ochrony Danych fundacjaforumedukacji@gmail.com; dane osobowe przetwarzane będą w celu &hellip; Continue reading "Polityka prywatności"

Twoje obecne okoliczności nie okreslają, dokąd możesz pójść; po prostu okreslają, gdzie zaczynasz -Nido Qubein
